[INFO] cloning repository https://github.com/craigjb/multimidi
[INFO] running `Command { std: "git" "-c" "credential.helper=" "-c" "credential.helper=/workspace/cargo-home/bin/git-credential-null" "clone" "--bare" "https://github.com/craigjb/multimidi" "/workspace/cache/git-repos/https%3A%2F%2Fgithub.com%2Fcraigjb%2Fmultimidi", kill_on_drop: false }`
[INFO] [stderr] Cloning into bare repository '/workspace/cache/git-repos/https%3A%2F%2Fgithub.com%2Fcraigjb%2Fmultimidi'...
[INFO] running `Command { std: "git" "rev-parse" "HEAD", kill_on_drop: false }`
[INFO] [stdout] ac3646dfe5a02d0263e9e10ad841dee7374ed5b1
[INFO] checking craigjb/multimidi against try#72f88fc4e9458f89516a0b8b0868f3718aec5b47 for pr-74989
[INFO] running `Command { std: "git" "clone" "/workspace/cache/git-repos/https%3A%2F%2Fgithub.com%2Fcraigjb%2Fmultimidi" "/workspace/builds/worker-12/source", kill_on_drop: false }`
[INFO] [stderr] Cloning into '/workspace/builds/worker-12/source'...
[INFO] [stderr] done.
[INFO] validating manifest of git repo https://github.com/craigjb/multimidi on toolchain 72f88fc4e9458f89516a0b8b0868f3718aec5b47
[INFO] running `Command { std: "/workspace/cargo-home/bin/cargo" "+72f88fc4e9458f89516a0b8b0868f3718aec5b47" "read-manifest" "--manifest-path" "Cargo.toml", kill_on_drop: false }`
[INFO] removed /workspace/builds/worker-12/source/.cargo/config
[INFO] started tweaking git repo https://github.com/craigjb/multimidi
[INFO] removed path dependency stm32f7xx-hal from git repo https://github.com/craigjb/multimidi
[INFO] finished tweaking git repo https://github.com/craigjb/multimidi
[INFO] tweaked toml for git repo https://github.com/craigjb/multimidi written to /workspace/builds/worker-12/source/Cargo.toml
[INFO] crate git repo https://github.com/craigjb/multimidi already has a lockfile, it will not be regenerated
[INFO] running `Command { std: "/workspace/cargo-home/bin/cargo" "+72f88fc4e9458f89516a0b8b0868f3718aec5b47" "fetch" "--locked" "--manifest-path" "Cargo.toml", kill_on_drop: false }`
[INFO] [stderr] warning: dependency (stm32f7xx-hal) specified without providing a local path, Git repository, or version to use. This will be considered an error in future versions
[INFO] [stderr]     Updating crates.io index
[INFO] [stderr] error: the lock file /workspace/builds/worker-12/source/Cargo.lock needs to be updated but --locked was passed to prevent this
[INFO] [stderr] If you want to try to generate the lock file without accessing the network, use the --offline flag.
[INFO] the lockfile is outdated, regenerating it
[INFO] running `Command { std: "/workspace/cargo-home/bin/cargo" "+72f88fc4e9458f89516a0b8b0868f3718aec5b47" "generate-lockfile" "--manifest-path" "Cargo.toml" "-Zno-index-update", kill_on_drop: false }`
[INFO] [stderr]     Blocking waiting for file lock on package cache
[INFO] running `Command { std: "/workspace/cargo-home/bin/cargo" "+72f88fc4e9458f89516a0b8b0868f3718aec5b47" "fetch" "--locked" "--manifest-path" "Cargo.toml", kill_on_drop: false }`
[INFO] [stderr] warning: dependency (stm32f7xx-hal) specified without providing a local path, Git repository, or version to use. This will be considered an error in future versions
[INFO] [stderr]  Downloading crates ...
[INFO] [stderr]   Downloaded synopsys-usb-otg v0.2.2
[INFO] [stderr]   Downloaded display-interface-i2c v0.4.0
[INFO] [stderr]   Downloaded ssd1306 v0.4.0
[INFO] running `Command { std: "docker" "create" "-v" "/var/lib/crater-agent-workspace/builds/worker-12/target:/opt/rustwide/target:rw,Z" "-v" "/var/lib/crater-agent-workspace/builds/worker-12/source:/opt/rustwide/workdir:ro,Z" "-v" "/var/lib/crater-agent-workspace/cargo-home:/opt/rustwide/cargo-home:ro,Z" "-v" "/var/lib/crater-agent-workspace/rustup-home:/opt/rustwide/rustup-home:ro,Z" "-e" "SOURCE_DIR=/opt/rustwide/workdir" "-e" "CARGO_TARGET_DIR=/opt/rustwide/target" "-e" "CARGO_HOME=/opt/rustwide/cargo-home" "-e" "RUSTUP_HOME=/opt/rustwide/rustup-home" "-w" "/opt/rustwide/workdir" "-m" "1610612736" "--user" "0:0" "--network" "none" "rustops/crates-build-env@sha256:d92eaeed33fa75130ca1ee6c8a01d1ffb62bac859dfdfb3450e3e5d1c0146529" "/opt/rustwide/cargo-home/bin/cargo" "+72f88fc4e9458f89516a0b8b0868f3718aec5b47" "metadata" "--no-deps" "--format-version=1", kill_on_drop: false }`
[INFO] [stderr] WARNING: Your kernel does not support swap limit capabilities or the cgroup is not mounted. Memory limited without swap.
[INFO] [stdout] 823eaebd1ee1b8840070420cde2f29e2eb7badf21b57549f25fa09923d72e3cf
[INFO] running `Command { std: "docker" "start" "-a" "823eaebd1ee1b8840070420cde2f29e2eb7badf21b57549f25fa09923d72e3cf", kill_on_drop: false }`
[INFO] running `Command { std: "docker" "inspect" "823eaebd1ee1b8840070420cde2f29e2eb7badf21b57549f25fa09923d72e3cf", kill_on_drop: false }`
[INFO] running `Command { std: "docker" "rm" "-f" "823eaebd1ee1b8840070420cde2f29e2eb7badf21b57549f25fa09923d72e3cf", kill_on_drop: false }`
[INFO] [stdout] 823eaebd1ee1b8840070420cde2f29e2eb7badf21b57549f25fa09923d72e3cf
[INFO] running `Command { std: "docker" "create" "-v" "/var/lib/crater-agent-workspace/builds/worker-12/target:/opt/rustwide/target:rw,Z" "-v" "/var/lib/crater-agent-workspace/builds/worker-12/source:/opt/rustwide/workdir:ro,Z" "-v" "/var/lib/crater-agent-workspace/cargo-home:/opt/rustwide/cargo-home:ro,Z" "-v" "/var/lib/crater-agent-workspace/rustup-home:/opt/rustwide/rustup-home:ro,Z" "-e" "SOURCE_DIR=/opt/rustwide/workdir" "-e" "CARGO_TARGET_DIR=/opt/rustwide/target" "-e" "CARGO_INCREMENTAL=0" "-e" "RUST_BACKTRACE=full" "-e" "RUSTFLAGS=--cap-lints=forbid" "-e" "CARGO_HOME=/opt/rustwide/cargo-home" "-e" "RUSTUP_HOME=/opt/rustwide/rustup-home" "-w" "/opt/rustwide/workdir" "-m" "1610612736" "--user" "0:0" "--network" "none" "rustops/crates-build-env@sha256:d92eaeed33fa75130ca1ee6c8a01d1ffb62bac859dfdfb3450e3e5d1c0146529" "/opt/rustwide/cargo-home/bin/cargo" "+72f88fc4e9458f89516a0b8b0868f3718aec5b47" "check" "--frozen" "--all" "--all-targets" "--message-format=json", kill_on_drop: false }`
[INFO] [stdout] 52051a29c61ea09fd67812466026baf1a3a0e4550bc287dae20766a504c88f47
[INFO] [stderr] WARNING: Your kernel does not support swap limit capabilities or the cgroup is not mounted. Memory limited without swap.
[INFO] running `Command { std: "docker" "start" "-a" "52051a29c61ea09fd67812466026baf1a3a0e4550bc287dae20766a504c88f47", kill_on_drop: false }`
[INFO] [stderr] warning: dependency (stm32f7xx-hal) specified without providing a local path, Git repository, or version to use. This will be considered an error in future versions
[INFO] [stderr]    Compiling cortex-m v0.6.3
[INFO] [stderr]     Checking stable_deref_trait v1.2.0
[INFO] [stderr]    Compiling syn v1.0.40
[INFO] [stderr]     Checking vcell v0.1.2
[INFO] [stderr]     Checking nb v1.0.0
[INFO] [stderr]     Checking bitfield v0.13.2
[INFO] [stderr]     Checking void v1.0.2
[INFO] [stderr]    Compiling cortex-m-rt v0.6.13
[INFO] [stderr]    Compiling hashbrown v0.9.0
[INFO] [stderr]    Compiling heapless v0.5.5
[INFO] [stderr]     Checking r0 v0.2.2
[INFO] [stderr]     Checking display-interface v0.4.0
[INFO] [stderr]    Compiling stm32f7 v0.11.0
[INFO] [stderr]     Checking byte-slice-cast v0.3.5
[INFO] [stderr]    Compiling ssd1306 v0.4.0
[INFO] [stderr]    Compiling synopsys-usb-otg v0.2.2
[INFO] [stderr]     Checking usb-device v0.2.5
[INFO] [stderr]     Checking rtic-core v0.3.0
[INFO] [stderr]     Checking micromath v1.0.1
[INFO] [stderr]    Compiling generic-array v0.14.4
[INFO] [stderr]    Compiling cortex-m-rtic v0.5.5
[INFO] [stderr]     Checking volatile-register v0.2.0
[INFO] [stderr]     Checking nb v0.1.3
[INFO] [stderr]    Compiling proc-macro2 v1.0.21
[INFO] [stderr]     Checking generic-array v0.13.2
[INFO] [stderr]    Compiling bare-metal v0.2.5
[INFO] [stderr]    Compiling cast v0.2.3
[INFO] [stderr]     Checking hash32 v0.1.1
[INFO] [stderr]     Checking embedded-graphics v0.6.2
[INFO] [stderr]     Checking embedded-hal v0.2.4
[INFO] [stderr]     Checking display-interface-i2c v0.4.0
[INFO] [stderr]     Checking display-interface-spi v0.4.0
[INFO] [stderr]    Compiling indexmap v1.6.0
[INFO] [stderr]     Checking as-slice v0.1.3
[INFO] [stderr]    Compiling quote v1.0.7
[INFO] [stderr]     Checking aligned v0.3.4
[INFO] [stderr]     Checking rtt-target v0.2.2
[INFO] [stderr]    Compiling rtic-syntax v0.4.0
[INFO] [stderr]    Compiling cortex-m-rt-macros v0.1.8
[INFO] [stderr]    Compiling cortex-m-rtic-macros v0.5.2
[INFO] [stderr]     Checking stm32f7xx-hal v0.2.0
[INFO] [stderr]     Checking multimidi v0.1.0 (/opt/rustwide/workdir)
[INFO] [stdout] error[E0432]: unresolved import `crate::hal::pac`
[INFO] [stdout]  --> src/encoder.rs:6:5
[INFO] [stdout]   |
[INFO] [stdout] 6 |     pac::{RCC, TIM3},
[INFO] [stdout]   |     ^^^ could not find `pac` in `hal`
[INFO] [stdout] 
[INFO] [stdout] 
[INFO] [stdout] error[E0432]: unresolved import `crate::hal::pac`
[INFO] [stdout]  --> src/usb_fs.rs:1:5
[INFO] [stdout]   |
[INFO] [stdout] 1 | use crate::hal::pac;
[INFO] [stdout]   |     ^^^^^^^^^^^^^^^ no `pac` in the root
[INFO] [stdout] 
[INFO] [stdout] 
[INFO] [stdout] error[E0432]: unresolved import `stm32f7xx_hal::pac`
[INFO] [stdout]   --> src/main.rs:26:1
[INFO] [stdout]    |
[INFO] [stdout] 26 | #[rtic::app(device=stm32f7xx_hal::pac, peripherals=true)]
[INFO] [stdout]    | ^^^^^^^^^^^^^^^^^^^^^^^^^^^^^^^^^^^^^^^^^^^^^^^^^^^^^^^^^ no `pac` in the root
[INFO] [stdout]    |
[INFO] [stdout]    = note: this error originates in an attribute macro (in Nightly builds, run with -Z macro-backtrace for more info)
[INFO] [stdout] 
[INFO] [stdout] 
[INFO] [stdout] error[E0433]: failed to resolve: could not find `pac` in `stm32f7xx_hal`
[INFO] [stdout]   --> src/main.rs:26:35
[INFO] [stdout]    |
[INFO] [stdout] 26 | #[rtic::app(device=stm32f7xx_hal::pac, peripherals=true)]
[INFO] [stdout]    |                                   ^^^ could not find `pac` in `stm32f7xx_hal`
[INFO] [stdout] 
[INFO] [stdout] 
[INFO] [stdout] error[E0433]: failed to resolve: could not find `pac` in `stm32f7xx_hal`
[INFO] [stdout]   --> src/main.rs:26:1
[INFO] [stdout]    |
[INFO] [stdout] 26 | #[rtic::app(device=stm32f7xx_hal::pac, peripherals=true)]
[INFO] [stdout]    | ^^^^^^^^^^^^^^^^^^^^^^^^^^^^^^^^^^^^^^^^^^^^^^^^^^^^^^^^^ not found in `stm32f7xx_hal::pac`
[INFO] [stdout]    |
[INFO] [stdout]    = note: consider importing one of these items:
[INFO] [stdout]            cortex_m::Peripherals
[INFO] [stdout]            crate::hal::device::Peripherals
[INFO] [stdout]            rtic::Peripherals
[INFO] [stdout]            rtic::export::Peripherals
[INFO] [stdout]            stm32f7xx_hal::device::Peripherals
[INFO] [stdout]    = note: this error originates in an attribute macro (in Nightly builds, run with -Z macro-backtrace for more info)
[INFO] [stdout] 
[INFO] [stdout] 
[INFO] [stdout] error: language item required, but not found: `eh_personality`
[INFO] [stdout] 
[INFO] [stdout] 
[INFO] [stdout] error[E0432]: unresolved import `crate::hal::pac`
[INFO] [stdout]  --> src/encoder.rs:6:5
[INFO] [stdout]   |
[INFO] [stdout] 6 |     pac::{RCC, TIM3},
[INFO] [stdout]   |     ^^^ could not find `pac` in `hal`
[INFO] [stdout] 
[INFO] [stdout] 
[INFO] [stdout] error[E0432]: unresolved import `crate::hal::pac`
[INFO] [stdout]  --> src/usb_fs.rs:1:5
[INFO] [stdout]   |
[INFO] [stdout] 1 | use crate::hal::pac;
[INFO] [stdout]   |     ^^^^^^^^^^^^^^^ no `pac` in the root
[INFO] [stdout] 
[INFO] [stdout] 
[INFO] [stdout] error[E0432]: unresolved import `stm32f7xx_hal::pac`
[INFO] [stdout]   --> src/main.rs:26:1
[INFO] [stdout]    |
[INFO] [stdout] 26 | #[rtic::app(device=stm32f7xx_hal::pac, peripherals=true)]
[INFO] [stdout]    | ^^^^^^^^^^^^^^^^^^^^^^^^^^^^^^^^^^^^^^^^^^^^^^^^^^^^^^^^^ no `pac` in the root
[INFO] [stdout]    |
[INFO] [stdout]    = note: this error originates in an attribute macro (in Nightly builds, run with -Z macro-backtrace for more info)
[INFO] [stdout] 
[INFO] [stdout] 
[INFO] [stdout] error[E0433]: failed to resolve: could not find `pac` in `stm32f7xx_hal`
[INFO] [stdout]   --> src/main.rs:26:35
[INFO] [stdout]    |
[INFO] [stdout] 26 | #[rtic::app(device=stm32f7xx_hal::pac, peripherals=true)]
[INFO] [stdout]    |                                   ^^^ could not find `pac` in `stm32f7xx_hal`
[INFO] [stdout] 
[INFO] [stdout] 
[INFO] [stderr] error: could not compile `multimidi`.
[INFO] [stdout] error: aborting due to 6 previous errors
[INFO] [stdout] 
[INFO] [stdout] 
[INFO] [stderr] 
[INFO] [stdout] Some errors have detailed explanations: E0432, E0433.
[INFO] [stdout] 
[INFO] [stderr] To learn more, run the command again with --verbose.
[INFO] [stdout] For more information about an error, try `rustc --explain E0432`.
[INFO] [stdout] 
[INFO] [stderr] warning: build failed, waiting for other jobs to finish...
[INFO] [stdout] error[E0433]: failed to resolve: could not find `pac` in `stm32f7xx_hal`
[INFO] [stdout]   --> src/main.rs:26:1
[INFO] [stdout]    |
[INFO] [stdout] 26 | #[rtic::app(device=stm32f7xx_hal::pac, peripherals=true)]
[INFO] [stdout]    | ^^^^^^^^^^^^^^^^^^^^^^^^^^^^^^^^^^^^^^^^^^^^^^^^^^^^^^^^^ not found in `stm32f7xx_hal::pac`
[INFO] [stdout]    |
[INFO] [stdout]    = note: consider importing one of these items:
[INFO] [stdout]            cortex_m::Peripherals
[INFO] [stdout]            crate::hal::device::Peripherals
[INFO] [stdout]            rtic::Peripherals
[INFO] [stdout]            rtic::export::Peripherals
[INFO] [stdout]            stm32f7xx_hal::device::Peripherals
[INFO] [stdout]    = note: this error originates in an attribute macro (in Nightly builds, run with -Z macro-backtrace for more info)
[INFO] [stdout] 
[INFO] [stdout] 
[INFO] [stdout] error[E0152]: found duplicate lang item `panic_impl`
[INFO] [stdout]    --> src/main.rs:153:1
[INFO] [stdout]     |
[INFO] [stdout] 153 | fn panic(info: &core::panic::PanicInfo) -> ! {
[INFO] [stdout]     | ^^^^^^^^^^^^^^^^^^^^^^^^^^^^^^^^^^^^^^^^^^^^
[INFO] [stdout]     |
[INFO] [stdout]     = note: the lang item is first defined in crate `std` (which `test` depends on)
[INFO] [stdout]     = note: first definition in `std` loaded from /opt/rustwide/rustup-home/toolchains/72f88fc4e9458f89516a0b8b0868f3718aec5b47/lib/rustlib/x86_64-unknown-linux-gnu/lib/libstd-faa3fd6c69b73b7d.rlib
[INFO] [stdout]     = note: second definition in the local crate (`multimidi`)
[INFO] [stdout] 
[INFO] [stdout] 
[INFO] [stdout] error: aborting due to 6 previous errors
[INFO] [stdout] 
[INFO] [stdout] 
[INFO] [stdout] Some errors have detailed explanations: E0152, E0432, E0433.
[INFO] [stdout] 
[INFO] [stdout] For more information about an error, try `rustc --explain E0152`.
[INFO] [stdout] 
[INFO] [stderr] error: build failed
[INFO] running `Command { std: "docker" "inspect" "52051a29c61ea09fd67812466026baf1a3a0e4550bc287dae20766a504c88f47", kill_on_drop: false }`
[INFO] running `Command { std: "docker" "rm" "-f" "52051a29c61ea09fd67812466026baf1a3a0e4550bc287dae20766a504c88f47", kill_on_drop: false }`
[INFO] [stdout] 52051a29c61ea09fd67812466026baf1a3a0e4550bc287dae20766a504c88f47
